{"id":49,"date":"2024-01-31T11:34:18","date_gmt":"2024-01-31T11:34:18","guid":{"rendered":"http:\/\/neu.kunstrad.esv-dresden.de\/?page_id=49"},"modified":"2024-02-08T15:48:08","modified_gmt":"2024-02-08T15:48:08","slug":"ueber-uns","status":"publish","type":"page","link":"https:\/\/neu.kunstrad.esv-dresden.de\/?page_id=49","title":{"rendered":"\u00dcber uns &#8211; Kunstrad in Dresden"},"content":{"rendered":"\n<p>Unsere Gruppe besteht aus <strong>Kindern ab 6 Jahren sowie Jugendlichen und Erwachsenen<\/strong> und umfasst derzeit <strong>etwa 10 aktive Sportlerinnen und Sportler<\/strong>. <\/p>\n\n\n\n<p>Unser Ziel ist eine <strong>sinnvolle Freizeitgestaltung<\/strong> im Rahmen des Wettkampf- und Breitensports. Dar\u00fcber hinaus ist unser Anliegen, das Kunstradfahren in  Dresden zu erhalten und in der \u00d6ffentlichkeit zu pr\u00e4sentieren. <\/p>\n\n\n\n<p>Daf\u00fcr nehmen wir nicht nur an <strong>verschiedenen Wettk\u00e4mpfen<\/strong> teil, sondern pr\u00e4sentieren unsere Trainingsfortschritte das ganze Jahr \u00fcber auch in <strong>diversen Showauftritten<\/strong>. <\/p>\n\n\n\n<p>Organisiert sind wir im <strong><a href=\"https:\/\/ba1hn5m.myraidbox.de\/\">Eisenbahner Sportverein Dresden e. V.<\/a><\/strong> und im <strong><a href=\"http:\/\/s-r-b.de\/\">S\u00e4chsischen Radfahrerbund<\/a><\/strong>. <\/p>\n\n\n\n<div style=\"height:37px\" aria-hidden=\"true\" class=\"wp-block-spacer\"><\/div>\n\n\n\n<h4 class=\"wp-block-heading\">Neugierig geworden?<\/h4>\n\n\n\n<div class=\"wp-block-buttons is-layout-flex wp-block-buttons-is-layout-flex\">\n<div class=\"wp-block-button\"><a class=\"wp-block-button__link wp-element-button\" href=\"http:\/\/neu.kunstrad.esv-dresden.de\/?page_id=138\">Mehr \u00fcber den Sport erfahren<\/a><\/div>\n\n\n\n<div class=\"wp-block-button\"><a class=\"wp-block-button__link wp-element-button\" href=\"http:\/\/neu.kunstrad.esv-dresden.de\/?page_id=99\">Mehr \u00fcber unser (Schnupper)Training<\/a><\/div>\n<\/div>\n","protected":false},"excerpt":{"rendered":"<p>Unsere Gruppe besteht aus Kindern ab 6 Jahren sowie Jugendlichen und Erwachsenen und umfasst derzeit etwa 10 aktive Sportlerinnen und Sportler. Unser Ziel ist eine sinnvolle Freizeitgestaltung im Rahmen des Wettkampf- und Breitensports. Dar\u00fcber hinaus ist unser Anliegen, das Kunstradfahren in Dresden zu erhalten und in der \u00d6ffentlichkeit zu pr\u00e4sentieren. Daf\u00fcr nehmen wir nicht nur [&hellip;]<\/p>\n","protected":false},"author":1,"featured_media":76,"parent":0,"menu_order":0,"comment_status":"closed","ping_status":"closed","template":"page-wide","meta":{"footnotes":""},"class_list":["post-49","page","type-page","status-publish","has-post-thumbnail","hentry"],"_links":{"self":[{"href":"https:\/\/neu.kunstrad.esv-dresden.de\/index.php?rest_route=\/wp\/v2\/pages\/49"}],"collection":[{"href":"https:\/\/neu.kunstrad.esv-dresden.de\/index.php?rest_route=\/wp\/v2\/pages"}],"about":[{"href":"https:\/\/neu.kunstrad.esv-dresden.de\/index.php?rest_route=\/wp\/v2\/types\/page"}],"author":[{"embeddable":true,"href":"https:\/\/neu.kunstrad.esv-dresden.de\/index.php?rest_route=\/wp\/v2\/users\/1"}],"replies":[{"embeddable":true,"href":"https:\/\/neu.kunstrad.esv-dresden.de\/index.php?rest_route=%2Fwp%2Fv2%2Fcomments&post=49"}],"version-history":[{"count":7,"href":"https:\/\/neu.kunstrad.esv-dresden.de\/index.php?rest_route=\/wp\/v2\/pages\/49\/revisions"}],"predecessor-version":[{"id":167,"href":"https:\/\/neu.kunstrad.esv-dresden.de\/index.php?rest_route=\/wp\/v2\/pages\/49\/revisions\/167"}],"wp:featuredmedia":[{"embeddable":true,"href":"https:\/\/neu.kunstrad.esv-dresden.de\/index.php?rest_route=\/wp\/v2\/media\/76"}],"wp:attachment":[{"href":"https:\/\/neu.kunstrad.esv-dresden.de\/index.php?rest_route=%2Fwp%2Fv2%2Fmedia&parent=49"}],"curies":[{"name":"wp","href":"https:\/\/api.w.org\/{rel}","templated":true}]}}